(-24)/q*(-9)/(-2). What is the units digit of o/((-24)/20) - -2?
7
Let m be ((-4)/6)/(1/(-6)). Suppose -310 = 2*f - 5*f - 2*b, 3*f = b + 313. Suppose f = m*k - 0*k. What is the tens digit of k?
2
Let r = -725 - -1143. What is the tens digit of r?
1
Let m be 3*(-4)/(-30)*25. Suppose 5*f - 3440 = -5*k, 3*k - 3*f + 7 - 2095 = 0. What is the tens digit of (-7)/35 + k/m?
6
Suppose 5*j - 1010 = -2*y + 7*y, 2*j - 5*y - 419 = 0. What is the tens digit of j?
9
Let p(s) = s**2 - 11*s + 11. Let n = -26 + 20. Let i be 280/24 + (-2)/n. What is the tens digit of p(i)?
2
Let b(j) = 85*j**3 - 2*j**2 + j + 1. What is the tens digit of b(1)?
8
Let z(f) = -f**2 - 9*f + 7. Let v be z(-9). Let u = v - -13. What is the units digit of 1/((u/36)/5)?
9
Let u(l) = 3*l**2 + 53*l - 13. What is the units digit of u(18)?
3
Let g(v) = -v**3 - 13*v**2 - 19*v - 11. Let o be g(-10). Let h = 186 + o. What is the tens digit of h?
6
Let c(x) = 1154*x. What is the thousands digit of c(1)?
1
Let y be (178/8)/(2/16). Let c = y - -20. What is the units digit of c?
8
Let b(t) = -t**3 + 4*t**2 - 3*t + 6. Let f be b(4). Let l(i) = 2*i + 12. Let v be l(f). Suppose 0 = -3*h - v*h + 39. What is the tens digit of h?
1
Suppose -202*z - 8530 = -207*z. What is the tens digit of z?
0
Suppose 0 = -4*z + 3*z + 10. Let r = z + -52. Let s = r + 71. What is the units digit of s?
9
Let a be (-3)/(-24) - (-3708)/32. Let v(u) = u**3 - 3*u**2 - u - 8. Let c be v(4). Suppose c*x = 80 + a. What is the units digit of x?
9
Let q(y) = 12*y**3 - y**2 + 14*y - 25. What is the tens digit of q(6)?
1
Let h(z) = -z**2 + 9*z - 4. Let y be h(7). What is the tens digit of 168/y - 1/(-5)?
1
Suppose 28*d = 16*d + 16224. What is the units digit of d?
2
Let t(o) = -4*o - 10. Let g(q) = 9*q + 1. Let i be ((-3)/(-6))/((-3)/6). Let l be g(i). What is the tens digit of t(l)?
2
Let j(a) = 2*a**2 - 4*a + 16. Let n be j(7). Suppose -461 = -5*c - n. Suppose 4*k - c + 16 = -f, 4*f = -5*k + 60. What is the units digit of k?
6
Suppose 5*f = -0*y + y - 698, 3398 = 5*y - 2*f. What is the units digit of y?
8
Let n be 5/(6 - 3 - 4). Let b(r) = 2*r**2 - r + 15. What is the tens digit of b(n)?
7
Suppose -6*z = -25 + 1. What is the tens digit of 1*z + 107 + (-4 - -11)?
1
Let w = -15 - -19. Suppose -136 = -a - a + w*u, 10 = 5*u. What is the units digit of a?
2
Suppose 0 = 11*c - 27*c + 3040. Let b = -33 + c. What is the hundreds digit of b?
1
Suppose -p + 154 = -5*k, 3*k + 4*p = -2*k - 159. Let m(l) = l**3 + l**2 + l. Let r be m(-2). What is the tens digit of -4 - r - k - -3?
3
Let u be (4 - 32)/(-2) - 3. Let i(c) = -c**3 + 13*c**2 - 6*c + 14. What is the units digit of i(u)?
0
Let o(v) = -v**2 + 4*v + 25. Let z be o(7). Suppose 5*p = z*s + 2*p - 945, -709 = -3*s + 2*p. What is the hundreds digit of s?
2
Let g(l) = -5*l**3 - 8*l**2 + 7*l + 21. Let u be g(-6). Suppose o - 312 = -o - 2*y, 2*y - u = -5*o. What is the units digit of o?
3
Let y = -37 + 140. Let t be ((-2)/(-6) + 3)*48. Let f = t - y. What is the tens digit of f?
5
Let v be (-9)/((-45)/2)*(-1 + 31). Suppose -5*n = -v - 28. What is the units digit of n?
8
Suppose 23*r - 2304 = 7*r. Let v = -2 - 0. What is the units digit of r/63 - v/(-7)?
2
Let s(y) be the second derivative of 19*y**4/12 + y**3 + 3*y**2/2 - 3*y. What is the units digit of s(-2)?
7
Suppose c = -5*q - 11, q + 16 = -3*c - 59. Let z(i) = i**2 - 6. Let p be z(3). What is the units digit of (-3)/p*(c - -3)?
3
What is the hundreds digit of -96*112/42*-15?
8
Let j = -2180 - -6584. What is the units digit of j?
4
Suppose -3*u + 2*u + 3*v = 0, -3*u = 3*v. Suppose u*x = 5*x. Let h = x + 24. What is the units digit of h?
4
Let b = -15 + 18. Suppose q + 5 = -b*l - 1, l - 12 = -5*q. Suppose -q*w - 12 = 0, p + w + 66 = 3*p. What is the units digit of p?
1
Let m(i) = 3*i**2 + 4*i. Suppose 0 = 4*a + 19 - 3. Let z be m(a). Suppose 0 = -2*f + z - 4. What is the units digit of f?
4
Let o(m) = m**3 - 4*m**2 + m - 6. Suppose 30 = 4*f + 10. Let d be o(f). Suppose -3*u + 4*u = d. What is the units digit of u?
4
Let w be (-19)/(-4) - (-21)/84. Suppose -w*n - 281 = -d, d + n - 99 - 158 = 0. What is the hundreds digit of d?
2
Let q = -3268 + 6802. What is the units digit of q?
4
Let u = -669 + 1442. What is the units digit of u?
3
Let g(r) = 259*r**3 + r**2 - 10*r + 5. What is the units digit of g(2)?
1
Suppose -6*a + 3*a = -282. Let n = a + -32. What is the tens digit of n?
6
Let y(r) be the third derivative of r**4/8 - 5*r**3/6 - 5*r**2. Suppose -3*g + g + 2*b + 6 = 0, -3*b = 3. What is the units digit of y(g)?
1
Let l = 3144 - 900. What is the units digit of l?
4
Suppose -4*d + 878 = -550. Let m = d + -139. Suppose -5*t + m + 2 = 0. What is the units digit of t?
4
Let n(h) = 4*h**2 + 4*h - 2. Let l = 75 - 79. What is the tens digit of n(l)?
4
Suppose -7*x + 5 = -6*x. Suppose 11 = 5*f - 4*y - 39, y - x = 0. What is the tens digit of f?
1
What is the units digit of ((-3)/(-6))/((-3)/(-156))?
6
Suppose -5*d + 5*n = -3060, 53*d - 58*d + 3084 = n. What is the tens digit of d?
1
Let h(m) = m**3 - 14*m**2 - 16*m + 11. Let g be h(15). What is the units digit of -3 + g/(8/(-50))?
2
Suppose 0*o + 4044 = 5*z + o, -4*z = -3*o - 3220. What is the units digit of z?
8
Let p = -233 - -87. Let t = -88 - p. What is the tens digit of t?
5
Let t be 4/18 + (-553)/(-63). Suppose t = -3*q + 4*q + 3*n, -4*q - 2*n = -16. Suppose q*v = v + 48. What is the tens digit of v?
2
Let q(p) = 7*p - 3. Let o be q(2). Let k = 11 - o. Suppose 0 = 5*r - 15, k*v + 5*v - r = 97. What is the units digit of v?
0
Let d = -31 - -37. Suppose -3*c = -d*c + 120. Let y = 68 - c. What is the tens digit of y?
2
Let h = 142 - 75. Let q = h + -38. Let f = q - 19. What is the units digit of f?
0
Let n(f) = f**2 - 9*f + 17. Let u be n(7). Suppose 6*c - 306 = u*c. What is the units digit of c?
2
Let i = -7 - -10. Suppose -j = i*s - 2*j + 23, 12 = -3*j. What is the tens digit of (28/6)/((-3)/s)?
1
What is the tens digit of (-1 - (-14)/6)*(-1128)/(-16)?
9
Let u = 378 + -738. Let i = -186 - u. What is the units digit of i?
4
Let r = -7 - -2. Let g be 4/r*(-10)/4. Suppose 37 = 4*f - 5*m, -g*f - 3*m = -7 - 6. What is the units digit of f?
8
Suppose -66*d - 120 = -60*d. What is the tens digit of 16/(-10) + 1 - 1192/d?
5
Suppose 5*f + 20 = 0, 5*b + 3*f - 97 - 51 = 0. Suppose -j + b - 28 = 0. What is the units digit of j?
4
Let m(g) = -g**2 + 17*g + 3. Let x be m(8). What is the units digit of x + 8*4/(-8)?
1
Let w = 190 - -47. What is the units digit of w?
7
Suppose 39*p + 4688 = 55*p. What is the units digit of p?
3
Let o be 1/((-744)/150 + 5). Suppose -12*x + 4*u + 108 = -11*x, 5*u = -o. What is the units digit of x?
8
What is the tens digit of (-7688)/(-6) + 16/(-12) + 2?
8
Let z = -4 + 2026. What is the tens digit of z?
2
Let u(w) = w**3 + 13*w**2 + 8*w - 6. Let g be u(-12). Let b be (-7)/g - 43/(-6). Let h(z) = 2*z**2 - 8*z - 1. What is the units digit of h(b)?
1
Let i = -137 - -139. Suppose i*n + 44 = 236. What is the tens digit of n?
9
Suppose 6 = h + 2*h. Suppose 0 = -5*i - m + 72, -7*i + h*i = 2*m - 74. Let l = i + -8. What is the units digit of l?
6
Suppose -4*i - m = -7, i + 5*m - 18 = -2*i. What is the tens digit of (2 - -16)*i + 4?
2
Let g = 1520 + 96. What is the tens digit of g?
1
Suppose -6*y + 142 + 1706 = 0. What is the hundreds digit of y?
3
Let n(q) = -q**3 - 2*q**2 - q - 15. Let x be n(-5). Suppose -21*b + 26*b = x. Let v = -12 + b. What is the units digit of v?
1
Let m = 2567 - -827. What is the units digit of m?
4
Let x = -208 - -370. Let p = x + -56. What is the tens digit of p?
0
What is the units digit of 15/10*1108/3?
4
Let z = 155 - -1416. What is the tens digit of z?
7
Let c be 1 - ((1 - 2 - 2) + 4). Suppose c = -13*w + 17*w - 104. What is the tens digit of w?
2
What is the tens digit of 789/(12/396*11)?
6
What is the units digit of (-2)/16*14216/(-1)?
7
Let j be 16/6*(-15)/(-10). Suppose -j*p + 7 = -1. Suppose -2*b = 0, b + 2 + p = 4*s. What is the units digit of s?
1
Let d = -146 + 214. Suppose -3 = h - 0*h, -2*h + 99 = 3*z. Let k = d - z. What is the units digit of k?
3
Let l = 3671 + -1212. What is the hundreds digit of l?
4
Suppose 16 = 2*x + 5*b, -3*b = -7 + 1. Suppose -2*c + 68 = -x*m + 2*m, 252 = -4*m + 3*c. What is the units digit of (m/9)/(3/(-18))?
0
Le